{"id":75,"date":"2021-12-19T12:28:18","date_gmt":"2021-12-19T10:28:18","guid":{"rendered":"https:\/\/alojamientosruralesjucar.com\/?page_id=75"},"modified":"2022-05-10T12:25:31","modified_gmt":"2022-05-10T11:25:31","slug":"casa-la-gila-2","status":"publish","type":"page","link":"https:\/\/alojamientosruralesjucar.com\/index.php\/casa-la-gila-2\/","title":{"rendered":"Casa La Gila 2"},"content":{"rendered":"\n<p>Nuestras casas son de alquiler \u00edntegro. Se pueden alquilar de forma individual o de forma conjunta para grupos, ya que las dos tienen su acceso por el mismo patio.<\/p>\n\n\n\n<p> Disponen de calefacci\u00f3n en todas las habitaciones, ropa de cama, aire acondicionado y chimenea en el sal\u00f3n, televisi\u00f3n, DVD, cocina equipada con frigor\u00edfico, microondas, encimera, horno, y menaje completo. <\/p>\n\n\n\n<p> En el patio hay barbacoas y mobiliario de exterior para cada casa. <\/p>\n\n\n\n<p> La le\u00f1a est\u00e1 incluida en el precio. <\/p>\n\n\n\n<div style=\"height:100px\" aria-hidden=\"true\" class=\"wp-block-spacer\"><\/div>\n\n\n\n<figure class=\"wp-block-image size-large\"><img fetchpriority=\"high\" width=\"1024\" height=\"768\" src=\"https:\/\/nueva.alojamientosruralesjucar.com\/wp-content\/uploads\/2021\/12\/Salon-general-1-1024x768.jpg\" alt=\"\" class=\"wp-image-109\" srcset=\"https:\/\/alojamientosruralesjucar.com\/wp-content\/uploads\/2021\/12\/Salon-general-1-1024x768.jpg 1024w, https:\/\/alojamientosruralesjucar.com\/wp-content\/uploads\/2021\/12\/Salon-general-1-300x225.jpg 300w, https:\/\/alojamientosruralesjucar.com\/wp-content\/uploads\/2021\/12\/Salon-general-1-768x576.jpg 768w, https:\/\/alojamientosruralesjucar.com\/wp-content\/uploads\/2021\/12\/Salon-general-1-1536x1152.jpg 1536w, https:\/\/alojamientosruralesjucar.com\/wp-content\/uploads\/2021\/12\/Salon-general-1-2048x1536.jpg 2048w, https:\/\/alojamientosruralesjucar.com\/wp-content\/uploads\/2021\/12\/Salon-general-1-1140x855.jpg 1140w\" sizes=\"(max-width: 1024px) 100vw, 1024px\" \/><\/figure>\n\n\n\n<figure class=\"wp-container-2 wp-block-gallery-1 wp-block-gallery columns-3 is-cropped\"><ul class=\"blocks-gallery-grid\"><li class=\"blocks-gallery-item\"><figure><img width=\"1024\" height=\"768\" src=\"https:\/\/nueva.alojamientosruralesjucar.com\/wp-content\/uploads\/2021\/12\/Cocina-2-ok-1024x768.jpg\" alt=\"\" data-id=\"78\" data-link=\"https:\/\/nueva.alojamientosruralesjucar.com\/?attachment_id=78\" class=\"wp-image-78\" srcset=\"https:\/\/alojamientosruralesjucar.com\/wp-content\/uploads\/2021\/12\/Cocina-2-ok-1024x768.jpg 1024w, https:\/\/alojamientosruralesjucar.com\/wp-content\/uploads\/2021\/12\/Cocina-2-ok-300x225.jpg 300w, https:\/\/alojamientosruralesjucar.com\/wp-content\/uploads\/2021\/12\/Cocina-2-ok-768x576.jpg 768w, https:\/\/alojamientosruralesjucar.com\/wp-content\/uploads\/2021\/12\/Cocina-2-ok-1140x855.jpg 1140w, https:\/\/alojamientosruralesjucar.com\/wp-content\/uploads\/2021\/12\/Cocina-2-ok.jpg 1440w\" sizes=\"(max-width: 1024px) 100vw, 1024px\" \/><figcaption class=\"blocks-gallery-item__caption\">Cocina<\/figcaption><\/figure><\/li><li class=\"blocks-gallery-item\"><figure><img width=\"1024\" height=\"768\" src=\"https:\/\/nueva.alojamientosruralesjucar.com\/wp-content\/uploads\/2021\/12\/Aseo-2-1-ok-1-1024x768.jpg\" alt=\"\" data-id=\"76\" data-link=\"https:\/\/nueva.alojamientosruralesjucar.com\/?attachment_id=76\" class=\"wp-image-76\" srcset=\"https:\/\/alojamientosruralesjucar.com\/wp-content\/uploads\/2021\/12\/Aseo-2-1-ok-1-1024x768.jpg 1024w, https:\/\/alojamientosruralesjucar.com\/wp-content\/uploads\/2021\/12\/Aseo-2-1-ok-1-300x225.jpg 300w, https:\/\/alojamientosruralesjucar.com\/wp-content\/uploads\/2021\/12\/Aseo-2-1-ok-1-768x576.jpg 768w, https:\/\/alojamientosruralesjucar.com\/wp-content\/uploads\/2021\/12\/Aseo-2-1-ok-1-1140x855.jpg 1140w, https:\/\/alojamientosruralesjucar.com\/wp-content\/uploads\/2021\/12\/Aseo-2-1-ok-1.jpg 1440w\" sizes=\"(max-width: 1024px) 100vw, 1024px\" \/><figcaption class=\"blocks-gallery-item__caption\">Ba\u00f1o 1<\/figcaption><\/figure><\/li><li class=\"blocks-gallery-item\"><figure><img loading=\"lazy\" width=\"1024\" height=\"768\" src=\"https:\/\/nueva.alojamientosruralesjucar.com\/wp-content\/uploads\/2021\/12\/Aseo-2-2-ok-1024x768.jpg\" alt=\"\" data-id=\"77\" data-link=\"https:\/\/nueva.alojamientosruralesjucar.com\/?attachment_id=77\" class=\"wp-image-77\" srcset=\"https:\/\/alojamientosruralesjucar.com\/wp-content\/uploads\/2021\/12\/Aseo-2-2-ok-1024x768.jpg 1024w, https:\/\/alojamientosruralesjucar.com\/wp-content\/uploads\/2021\/12\/Aseo-2-2-ok-300x225.jpg 300w, https:\/\/alojamientosruralesjucar.com\/wp-content\/uploads\/2021\/12\/Aseo-2-2-ok-768x576.jpg 768w, https:\/\/alojamientosruralesjucar.com\/wp-content\/uploads\/2021\/12\/Aseo-2-2-ok-1140x855.jpg 1140w, https:\/\/alojamientosruralesjucar.com\/wp-content\/uploads\/2021\/12\/Aseo-2-2-ok.jpg 1440w\" sizes=\"(max-width: 1024px) 100vw, 1024px\" \/><figcaption class=\"blocks-gallery-item__caption\">Ba\u00f1o 2<\/figcaption><\/figure><\/li><li class=\"blocks-gallery-item\"><figure><img loading=\"lazy\" width=\"1024\" height=\"768\" src=\"https:\/\/nueva.alojamientosruralesjucar.com\/wp-content\/uploads\/2021\/12\/Habitacion-2-1-ok-1024x768.jpg\" alt=\"\" data-id=\"80\" data-link=\"https:\/\/nueva.alojamientosruralesjucar.com\/?attachment_id=80\" class=\"wp-image-80\" srcset=\"https:\/\/alojamientosruralesjucar.com\/wp-content\/uploads\/2021\/12\/Habitacion-2-1-ok-1024x768.jpg 1024w, https:\/\/alojamientosruralesjucar.com\/wp-content\/uploads\/2021\/12\/Habitacion-2-1-ok-300x225.jpg 300w, https:\/\/alojamientosruralesjucar.com\/wp-content\/uploads\/2021\/12\/Habitacion-2-1-ok-768x576.jpg 768w, https:\/\/alojamientosruralesjucar.com\/wp-content\/uploads\/2021\/12\/Habitacion-2-1-ok-1140x855.jpg 1140w, https:\/\/alojamientosruralesjucar.com\/wp-content\/uploads\/2021\/12\/Habitacion-2-1-ok.jpg 1440w\" sizes=\"(max-width: 1024px) 100vw, 1024px\" \/><figcaption class=\"blocks-gallery-item__caption\">Dormitorios<\/figcaption><\/figure><\/li><\/ul><\/figure>\n","protected":false},"excerpt":{"rendered":"<p>Nuestras casas son de alquiler \u00edntegro. Se pueden alquilar de forma individual o de forma conjunta para grupos, ya que las dos tienen su acceso por el mismo patio. Disponen de calefacci\u00f3n en todas las habitaciones, ropa de cama, aire acondicionado y chimenea en el sal\u00f3n, televisi\u00f3n, DVD, cocina equipada con frigor\u00edfico, microondas, encimera, horno, y menaje completo. En el patio hay barbacoas y mobiliario de exterior para cada casa. La le\u00f1a est\u00e1 incluida en el precio.<\/p>\n","protected":false},"author":2,"featured_media":0,"parent":0,"menu_order":0,"comment_status":"closed","ping_status":"closed","template":"","meta":[],"yoast_head":"<!-- This site is optimized with the Yoast SEO plugin v20.6 - https:\/\/yoast.com\/wordpress\/plugins\/seo\/ -->\n<title>Casa La Gila 2 - Alojamientos Rurales Jucar<\/title>\n<meta name=\"robots\" content=\"index, follow, max-snippet:-1, max-image-preview:large, max-video-preview:-1\" \/>\n<link rel=\"canonical\" href=\"https:\/\/alojamientosruralesjucar.com\/index.php\/casa-la-gila-2\/\" \/>\n<meta property=\"og:locale\" content=\"es_ES\" \/>\n<meta property=\"og:type\" content=\"article\" \/>\n<meta property=\"og:title\" content=\"Casa La Gila 2 - Alojamientos Rurales Jucar\" \/>\n<meta property=\"og:description\" content=\"Nuestras casas son de alquiler \u00edntegro. Se pueden alquilar de forma individual o de forma conjunta para grupos, ya que las dos tienen su acceso por el mismo patio. Disponen de calefacci\u00f3n en todas las habitaciones, ropa de cama, aire acondicionado y chimenea en el sal\u00f3n, televisi\u00f3n, DVD, cocina equipada con frigor\u00edfico, microondas, encimera, horno, y menaje completo. En el patio hay barbacoas y mobiliario de exterior para cada casa. La le\u00f1a est\u00e1 incluida en el precio.\" \/>\n<meta property=\"og:url\" content=\"https:\/\/alojamientosruralesjucar.com\/index.php\/casa-la-gila-2\/\" \/>\n<meta property=\"og:site_name\" content=\"Alojamientos Rurales Jucar\" \/>\n<meta property=\"article:modified_time\" content=\"2022-05-10T11:25:31+00:00\" \/>\n<meta property=\"og:image\" content=\"https:\/\/nueva.alojamientosruralesjucar.com\/wp-content\/uploads\/2021\/12\/Salon-general-1-1024x768.jpg\" \/>\n<meta name=\"twitter:card\" content=\"summary_large_image\" \/>\n<meta name=\"twitter:label1\" content=\"Tiempo de lectura\" \/>\n\t<meta name=\"twitter:data1\" content=\"2 minutos\" \/>\n<script type=\"application\/ld+json\" class=\"yoast-schema-graph\">{\"@context\":\"https:\/\/schema.org\",\"@graph\":[{\"@type\":\"WebPage\",\"@id\":\"https:\/\/alojamientosruralesjucar.com\/index.php\/casa-la-gila-2\/\",\"url\":\"https:\/\/alojamientosruralesjucar.com\/index.php\/casa-la-gila-2\/\",\"name\":\"Casa La Gila 2 - Alojamientos Rurales Jucar\",\"isPartOf\":{\"@id\":\"https:\/\/alojamientosruralesjucar.com\/#website\"},\"datePublished\":\"2021-12-19T10:28:18+00:00\",\"dateModified\":\"2022-05-10T11:25:31+00:00\",\"breadcrumb\":{\"@id\":\"https:\/\/alojamientosruralesjucar.com\/index.php\/casa-la-gila-2\/#breadcrumb\"},\"inLanguage\":\"es\",\"potentialAction\":[{\"@type\":\"ReadAction\",\"target\":[\"https:\/\/alojamientosruralesjucar.com\/index.php\/casa-la-gila-2\/\"]}]},{\"@type\":\"BreadcrumbList\",\"@id\":\"https:\/\/alojamientosruralesjucar.com\/index.php\/casa-la-gila-2\/#breadcrumb\",\"itemListElement\":[{\"@type\":\"ListItem\",\"position\":1,\"name\":\"Portada\",\"item\":\"https:\/\/alojamientosruralesjucar.com\/\"},{\"@type\":\"ListItem\",\"position\":2,\"name\":\"Casa La Gila 2\"}]},{\"@type\":\"WebSite\",\"@id\":\"https:\/\/alojamientosruralesjucar.com\/#website\",\"url\":\"https:\/\/alojamientosruralesjucar.com\/\",\"name\":\"Alojamientos Rurales Jucar\",\"description\":\"Casas rurales en Alcal\u00e1 del J\u00facar\",\"publisher\":{\"@id\":\"https:\/\/alojamientosruralesjucar.com\/#organization\"},\"potentialAction\":[{\"@type\":\"SearchAction\",\"target\":{\"@type\":\"EntryPoint\",\"urlTemplate\":\"https:\/\/alojamientosruralesjucar.com\/?s={search_term_string}\"},\"query-input\":\"required name=search_term_string\"}],\"inLanguage\":\"es\"},{\"@type\":\"Organization\",\"@id\":\"https:\/\/alojamientosruralesjucar.com\/#organization\",\"name\":\"Alojamientos Rurales Jucar\",\"url\":\"https:\/\/alojamientosruralesjucar.com\/\",\"logo\":{\"@type\":\"ImageObject\",\"inLanguage\":\"es\",\"@id\":\"https:\/\/alojamientosruralesjucar.com\/#\/schema\/logo\/image\/\",\"url\":\"https:\/\/alojamientosruralesjucar.com\/wp-content\/uploads\/2021\/11\/cropped-logo-cabecera.png\",\"contentUrl\":\"https:\/\/alojamientosruralesjucar.com\/wp-content\/uploads\/2021\/11\/cropped-logo-cabecera.png\",\"width\":800,\"height\":235,\"caption\":\"Alojamientos Rurales Jucar\"},\"image\":{\"@id\":\"https:\/\/alojamientosruralesjucar.com\/#\/schema\/logo\/image\/\"}}]}<\/script>\n<!-- \/ Yoast SEO plugin. -->","yoast_head_json":{"title":"Casa La Gila 2 - Alojamientos Rurales Jucar","robots":{"index":"index","follow":"follow","max-snippet":"max-snippet:-1","max-image-preview":"max-image-preview:large","max-video-preview":"max-video-preview:-1"},"canonical":"https:\/\/alojamientosruralesjucar.com\/index.php\/casa-la-gila-2\/","og_locale":"es_ES","og_type":"article","og_title":"Casa La Gila 2 - Alojamientos Rurales Jucar","og_description":"Nuestras casas son de alquiler \u00edntegro. Se pueden alquilar de forma individual o de forma conjunta para grupos, ya que las dos tienen su acceso por el mismo patio. Disponen de calefacci\u00f3n en todas las habitaciones, ropa de cama, aire acondicionado y chimenea en el sal\u00f3n, televisi\u00f3n, DVD, cocina equipada con frigor\u00edfico, microondas, encimera, horno, y menaje completo. En el patio hay barbacoas y mobiliario de exterior para cada casa. La le\u00f1a est\u00e1 incluida en el precio.","og_url":"https:\/\/alojamientosruralesjucar.com\/index.php\/casa-la-gila-2\/","og_site_name":"Alojamientos Rurales Jucar","article_modified_time":"2022-05-10T11:25:31+00:00","og_image":[{"url":"https:\/\/nueva.alojamientosruralesjucar.com\/wp-content\/uploads\/2021\/12\/Salon-general-1-1024x768.jpg"}],"twitter_card":"summary_large_image","twitter_misc":{"Tiempo de lectura":"2 minutos"},"schema":{"@context":"https:\/\/schema.org","@graph":[{"@type":"WebPage","@id":"https:\/\/alojamientosruralesjucar.com\/index.php\/casa-la-gila-2\/","url":"https:\/\/alojamientosruralesjucar.com\/index.php\/casa-la-gila-2\/","name":"Casa La Gila 2 - Alojamientos Rurales Jucar","isPartOf":{"@id":"https:\/\/alojamientosruralesjucar.com\/#website"},"datePublished":"2021-12-19T10:28:18+00:00","dateModified":"2022-05-10T11:25:31+00:00","breadcrumb":{"@id":"https:\/\/alojamientosruralesjucar.com\/index.php\/casa-la-gila-2\/#breadcrumb"},"inLanguage":"es","potentialAction":[{"@type":"ReadAction","target":["https:\/\/alojamientosruralesjucar.com\/index.php\/casa-la-gila-2\/"]}]},{"@type":"BreadcrumbList","@id":"https:\/\/alojamientosruralesjucar.com\/index.php\/casa-la-gila-2\/#breadcrumb","itemListElement":[{"@type":"ListItem","position":1,"name":"Portada","item":"https:\/\/alojamientosruralesjucar.com\/"},{"@type":"ListItem","position":2,"name":"Casa La Gila 2"}]},{"@type":"WebSite","@id":"https:\/\/alojamientosruralesjucar.com\/#website","url":"https:\/\/alojamientosruralesjucar.com\/","name":"Alojamientos Rurales Jucar","description":"Casas rurales en Alcal\u00e1 del J\u00facar","publisher":{"@id":"https:\/\/alojamientosruralesjucar.com\/#organization"},"potentialAction":[{"@type":"SearchAction","target":{"@type":"EntryPoint","urlTemplate":"https:\/\/alojamientosruralesjucar.com\/?s={search_term_string}"},"query-input":"required name=search_term_string"}],"inLanguage":"es"},{"@type":"Organization","@id":"https:\/\/alojamientosruralesjucar.com\/#organization","name":"Alojamientos Rurales Jucar","url":"https:\/\/alojamientosruralesjucar.com\/","logo":{"@type":"ImageObject","inLanguage":"es","@id":"https:\/\/alojamientosruralesjucar.com\/#\/schema\/logo\/image\/","url":"https:\/\/alojamientosruralesjucar.com\/wp-content\/uploads\/2021\/11\/cropped-logo-cabecera.png","contentUrl":"https:\/\/alojamientosruralesjucar.com\/wp-content\/uploads\/2021\/11\/cropped-logo-cabecera.png","width":800,"height":235,"caption":"Alojamientos Rurales Jucar"},"image":{"@id":"https:\/\/alojamientosruralesjucar.com\/#\/schema\/logo\/image\/"}}]}},"_links":{"self":[{"href":"https:\/\/alojamientosruralesjucar.com\/index.php\/wp-json\/wp\/v2\/pages\/75"}],"collection":[{"href":"https:\/\/alojamientosruralesjucar.com\/index.php\/wp-json\/wp\/v2\/pages"}],"about":[{"href":"https:\/\/alojamientosruralesjucar.com\/index.php\/wp-json\/wp\/v2\/types\/page"}],"author":[{"embeddable":true,"href":"https:\/\/alojamientosruralesjucar.com\/index.php\/wp-json\/wp\/v2\/users\/2"}],"replies":[{"embeddable":true,"href":"https:\/\/alojamientosruralesjucar.com\/index.php\/wp-json\/wp\/v2\/comments?post=75"}],"version-history":[{"count":4,"href":"https:\/\/alojamientosruralesjucar.com\/index.php\/wp-json\/wp\/v2\/pages\/75\/revisions"}],"predecessor-version":[{"id":188,"href":"https:\/\/alojamientosruralesjucar.com\/index.php\/wp-json\/wp\/v2\/pages\/75\/revisions\/188"}],"wp:attachment":[{"href":"https:\/\/alojamientosruralesjucar.com\/index.php\/wp-json\/wp\/v2\/media?parent=75"}],"curies":[{"name":"wp","href":"https:\/\/api.w.org\/{rel}","templated":true}]}}